ne a(-44).
-29
Let j(t) = -19*t**2 + 131*t + 1. What is j(7)?
-13
Let g(t) = -3*t**3 + 249*t**2 - 2*t + 160. What is g(83)?
-6
Let y(z) = 2*z**3 + 22*z**2 + 43*z + 5. Determine y(-6).
107
Let u(f) = -1708*f - 6824. What is u(-4)?
8
Let l(y) = -104*y + 1009. Give l(9).
73
Let k(m) = m**3 - 69*m**2 + 54*m + 1118. Determine k(68).
166
Let v(n) = n**3 + 159*n**2 - 652*n - 20. What is v(-163)?
-20
Let d(u) = -50*u - 66. Determine d(-1).
-16
Let u(q) = -8*q - 306. Give u(-27).
-90
Let x(u) = 4*u**2 + 26*u - 20. Give x(1).
10
Let k(c) = 6*c**2 + 103*c + 3. Give k(-17).
-14
Let h(b) = b**3 + 15*b**2 + 22*b - 182. Determine h(-6).
10
Let d(k) = 13*k**2 - 490*k + 985. Calculate d(2).
57
Let q(x) = x**3 + 13*x**2 + 16*x + 9. Give q(-11).
75
Let t(k) = -23*k - 443. Calculate t(-22).
63
Let v(k) = k**2 + 22*k - 6. Calculate v(12).
402
Let t(b) = b**2 + 191*b - 16648. Give t(-256).
-8
Let u(t) = t**2 + 72*t + 279. What is u(-4)?
7
Let j(v) = v**2 + 34*v - 50. What is j(-35)?
-15
Let d(t) = t**3 - 13*t**2 + 43*t - 6. Give d(8).
18
Let y(g) = -g**2 - 77*g + 244. What is y(-80)?
4
Let l(b) = 19*b**3 - 139*b**2 + 9*b - 30. Give l(7).
-261
Let u(t) = -9*t**2 - 340*t - 51. Determine u(-37).
208
Let b(j) = -851*j - 24667. Calculate b(-29).
12
Let q(n) = -353*n + 724. What is q(2)?
18
Let z(q) = -q**2 + 125*q - 1159. Give z(10).
-9
Let h(t) = 3*t**2 + 17*t - 24. Calculate h(-7).
4
Let b(w) = 24*w - 189. Determine b(9).
27
Let t(k) = 37*k**2 - 1405*k - 24. Determine t(38).
14
Let a(y) = -y**2 - 8565*y - 34237. What is a(-4)?
7
Let i(n) = -265*n - 15057. Give i(-57).
48
Let i(h) = -h**2 - 406*h - 4731. What is i(-12)?
-3
Let c(m) = -m**2 + 49*m + 2057. Determine c(76).
5
Let x(y) = 3158*y + 22126. Calculate x(-7).
20
Let a(o) = -789*o**2 - 20512*o + 36. Calculate a(-26).
-16
Let q(n) = -n**3 - 17*n**2 + 40*n - 58. Determine q(-19).
-96
Let m(l) = 6*l**2 + 16*l + 30. Calculate m(-2).
22
Let h(a) = a**3 + 247*a**2 + 1222*a + 2889. Calculate h(-242).
-15
Let b(p) = 368*p**2 - 367*p + 3. What is b(1)?
4
Let i(r) = 20*r**3 + 5*r**2 - 24*r + 12. Give i(3).
525
Let t(x) = -x**2 + 5*x + 28. What is t(21)?
-308
Let i(w) = -56*w + 2684. Calculate i(48).
-4
Let b(i) = -7*i**3 + 7*i**2 + 11*i - 20. Calculate b(2).
-26
Let r(s) = 2*s**2 + 57*s - 22. Give r(-29).
7
Let j(f) = -744*f + 2984. What is j(4)?
8
Let f(o) = o**2 + 33*o + 55. What is f(-27)?
-107
Let i(f) = 606*f + 4190. Give i(-7).
-52
Let f(r) = 39*r - 986. Give f(25).
-11
Let q(m) = -2*m**3 + 215*m**2 - 528*m + 310. What is q(105)?
-5
Let w(p) = -21*p**2 + 286*p - 18. Calculate w(14).
-130
Let a(o) = 31*o - 606. Calculate a(19).
-17
Let u(g) = 3*g**2 - 18*g - 58. Calculate u(0).
-58
Let o(p) = -p**2 - 22*p - 30. Determine o(-16).
66
Let c(m) = 2*m + 31. Calculate c(11).
53
Let x(q) = 28*q**3 + 2*q**2 + 7*q - 9. What is x(2)?
237
Let i(n) = 4*n**2 + 50*n + 65. Determine i(-16).
289
Let q(i) = -194*i + 39187. Calculate q(202).
-1
Let d(x) = -2*x**2 + 635*x + 35086. What is d(-48)?
-2
Let h(v) = 15*v**2 + 128*v - 222. Determine h(-10).
-2
Let c(v) = -v**3 - 29*v**2 - 39*v - 299. What is c(-28)?
9
Let u(m) = -5*m + 120. Give u(8).
80
Let f(g) = -161*g + 3713. Determine f(24).
-151
Let p(v) = -68*v + 2968. Determine p(44).
-24
Let g(y) = -7*y**2 + 29*y + 136. Calculate g(-4).
-92
Let u(r) = 20*r - 21. What is u(4)?
59
Let s(i) = -i**2 + 5*i + 2071. Determine s(48).
7
Let h(m) = -108*m**3 - 10*m**2 + 16*m - 7. Determine h(1).
-109
Let t(g) = -6*g**2 - 46*g + 15. What is t(-6)?
75
Let x(b) = 2*b**3 - 16*b**2 - 10*b - 62. Calculate x(9).
10
Let n(v) = -4*v**3 - 522*v**2 + 259*v - 392. Give n(-131).
1
Let l(u) = u**2 + 30*u + 175. Determine l(-24).
31
Let z(m) = -m**2 + 56*m - 357. Determine z(8).
27
Let h(t) = -513*t - 2143. What is h(-4)?
-91
Let v(h) = h**3 - 3*h**2 - 9*h - 42. What is v(6)?
12
Let y(k) = -k**3 - 22*k**2 + 45*k - 64. Give y(-24).
8
Let i(p) = 2*p**2 + 1597*p - 24. What is i(0)?
-24
Let o(r) = r**2 + 11*r - 31. Give o(-11).
-31
Let s(q) = 88*q - 441. What is s(5)?
-1
Let x(n) = n**3 + 9*n**2 - 39*n - 328. Calculate x(-8).
48
Let a(r) = -119*r + 810. Give a(7).
-23
Let c(j) = -21*j**3 + 80*j**2 + 7*j + 13. Calculate c(4).
-23
Let t(z) = 22*z**2 - 390*z + 26. Determine t(18).
134
Let t(u) = u**2 - 6*u - 13. Determine t(6).
-13
Let m(u) = u**2 - 226*u - 1394. Determine m(-6).
-2
Let p(z) = z**2 + 24*z + 423. Give p(-15).
288
Let q(x) = -7*x - 501. What is q(-17)?
-382
Let o(c) = -14*c**2 + 37*c - 186. Give o(6).
-468
Let t(j) = j - 88. Give t(36).
-52
Let i(t) = -t**3 + 4*t**2 + 13*t - 12. Determine i(6).
-6
Let r(g) = 45*g + 521. Calculate r(-13).
-64
Let w(c) = -c**2 - 8*c - 24. Calculate w(-3).
-9
Let i(j) = j**3 - 10*j**2 + 9*j - 81. Determine i(10).
9
Let p(u) = 253*u - 5814. What is p(23)?
5
Let a(l) = -10*l**2 - 103*l - 447. Give a(-4).
-195
Let g(d) = d**2 - 296. Give g(-24).
280
Let y(h) = -18*h**2 + 553*h + 145. Determine y(31).
-10
Let o(i) = 24*i**3 - 886*i**2 - 77*i + 108. Give o(37).
-3
Let a(v) = v**3 - 35*v**2 - 68*v + 2387. Give a(35).
7
Let g(h) = h**2 - 118*h + 3346. Determine g(73).
61
Let x(o) = -67*o - 38. Determine x(-4).
230
Let r(w) = 2*w**2 + 71*w - 420. Determine r(5).
-15
Let v(z) = z**3 + 80*z**2 + 432*z + 4285. Give v(-75).
10
Let c(g) = g**2 - g - 24. Give c(11).
86
Let r(b) = -14*b**2 + 5*b + 208. Calculate r(4).
4
Let y(h) = -230*h - 243. Give y(0).
-243
Let y(u) = -67*u + 5367. What is y(80)?
7
Let f(k) = 1173*k + 23463. Determine f(-20).
3
Let l(p) = -57*p - 164. Calculate l(-3).
7
Let h(l) = -l**2 - 17*l + 982. Calculate h(-41).
-2
Let l(b) = -3*b**3 + 47*b**2 + 15*b - 25. Give l(16).
-41
Let z(k) = 4*k**3 - 27*k**2 - 18*k + 84. Give z(7).
7
Let s(c) = 515*c - 5602. Give s(11).
63
Let y(x) = 2364*x + 9450. What is y(-4)?
-6
Let i(l) = l**3 + 10*l**2 + 40*l + 142. Determine i(-5).
67
Let u(r) = -r**2 - 58*r - 896. Give u(-32).
-64
Let m(u) = 7*u**2 + 5*u - 13. Determine m(4).
119
Let u(z) = -z**3 + 2*z**2 + 725*z - 3546. Determine u(5).
4
Let b(t) = -t**3 + 57*t**2 + 249*t + 21. Give b(-4).
1
Let h(f) = -7*f - 313. Calculate h(-20).
-173
Let t(a) = 2*a**3 + 168*a**2 + 6*a + 495. Determine t(-84).
-9
Let p(m) = 2*m**3 + 221*m**2 - 109*m + 213. What is p(-111)?
-9
Let i(o) = 3*o. Determine i(-42).
-126
Let o(a) = 171*a - 522. Give o(3).
-9
Let m(q) = 2747*q + 10979. What is m(-4)?
-9
Let c(p) = -2*p**3 + 15*p - 19. Calculate c(-6).
323
Let a(y) = -71*y - 53. Calculate a(-3).
160
Let n(c) = c**2 + 5*c - 127. Calculate n(-19).
139
Let i(o) = o**3 + 3*o**2 - 3*o - 5. Determine i(-2).
5
Let a(c) = -c**2 - 29*c + 62. What is a(-37)?
-234
Let h(d) = 7*d**2 - 194*d - 62. What is h(28)?
-6
Let s(l) = 33*l + 2516. Determine s(-76).
8
Let n(c) = 2*c**3 - 23*c**2 - 23*c + 159. Give n(12).
27
Let u(n) = n**3 + 7*n**2 + 88*n + 775. Calculate u(-8).
7
Let v(h) = -3*h**3 + 76*h**2 - 23*h + 16. Give v(25).
66
Let c(f) = -f**3 - 5*f**2 - 150*f - 438. What is c(-3)?
-6
Let w(a) = 3*a**3 - 270*a**2 + 12*a - 1037. Determine w(90).
43
Let z(s) = -17*s**2 + 126*s - 9. What is z(7)?
40
Let g(v) = v**3 - 16*v**2 - 18*v + 26. Give g(17).
9
Let i(x) = -x**3 - 24*x**2 - 21*x - 32. Determine i(-23).
-78
Let m(h) = -h**3 + 246*h**2 + 757*h - 2487. Calculate m(249).
3
Let l(j) = 218*j**2 - 2*j - 4. Give l(-1).
216
Let o(t) = -3*t**3 - 4*t**2 + t - 4. Determine o(4).
-256
Let y(s) = -2927*s - 23415. What is y(-8)?
1
Let w(o) = 9*o**2 + 12*o - 32. Give w(5).
253
Let f(o) = 2*o**3 - 46*o**2 + 27*o - 625. Calculate f(23).
-4
Let f(g) = -6*g**2 + 45*g - 386. What is f(6)?
-332
Let c(i) = 4*i**3 + 35*i**2 - 7*i + 28. Determine c(-9).
10
Let t(a) = 33*a**3 + 43*a - 41. Calculate t(1).
35
Let u(n) = -3*n**2 + 407*n + 821. What is u(-2)?
-5
Let t(u) = -u**3 + 5*u**2 + 2*u - 2. Calculate t(4).
22
Let r(v) = v**2 - v + 15. Calculate r(0).
15
Let i(a) = 5*a**2 + 10*a - 1. Calculate i(-6).
119
Let h(s) = s**2 - 3*s - 549. Give h(-22).
1
Let h(z) = -z**3 + 17*z**2 - 4*z + 145. Determine h(17).
77
Let a(l) = -l**3 - 21*l**2 - 108*l - 46. Determine a(-13).
6
Let i(n) = -26*n + 162. Determine i(4).
58
Let l(d) = 640*d + 35202. Give l(-55).
2
Let l(k) = 2*k**2 + 44*k - 50. Calculate l(-19).
-164
Let r(f) = 61*f + 2122. Determine r(-35).
-13
Let m(z) = z**2 - 11*z - 16. Calculate m(12).
-4
Let g(r) = -5*r**2 + 84*r - 51. C